{"id":1574,"date":"2023-09-07T14:24:07","date_gmt":"2023-09-07T14:24:07","guid":{"rendered":"https:\/\/horizonscroises.org\/?page_id=1574"},"modified":"2026-03-10T10:02:09","modified_gmt":"2026-03-10T10:02:09","slug":"les-journalistes","status":"publish","type":"page","link":"https:\/\/horizonscroises.org\/index.php\/les-journalistes\/","title":{"rendered":"Les Journalistes"},"content":{"rendered":"\t\t<div data-elementor-type=\"wp-page\" data-elementor-id=\"1574\" class=\"elementor elementor-1574\">\n\t\t\t\t\t\t<section class=\"elementor-section elementor-top-section elementor-element elementor-element-73bc3e4a elementor-section-full_width qode_elementor_container_inner elementor-section-height-default elementor-section-height-default parallax_section_no\" data-id=\"73bc3e4a\" data-element_type=\"section\" data-e-type=\"section\">\n\t\t\t\t\t\t<div class=\"elementor-container elementor-column-gap-no\">\n\t\t\t\t\t<div class=\"elementor-column elementor-col-100 elementor-top-column elementor-element elementor-element-145201d8\" data-id=\"145201d8\" data-element_type=\"column\" data-e-type=\"column\">\n\t\t\t<div class=\"elementor-widget-wrap elementor-element-populated\">\n\t\t\t\t\t\t<div class=\"elementor-element elementor-element-16b5bc14 elementor-widget elementor-widget-text-editor\" data-id=\"16b5bc14\" data-element_type=\"widget\" data-e-type=\"widget\" data-widget_type=\"text-editor.default\">\n\t\t\t\t<div class=\"elementor-widget-container\">\n\t\t\t\t\t\t\t\t\t<h1>Les Journalistes<\/h1>\t\t\t\t\t\t\t\t<\/div>\n\t\t\t\t<\/div>\n\t\t\t\t\t<\/div>\n\t\t<\/div>\n\t\t\t\t\t<\/div>\n\t\t<\/section>\n\t\t\t\t<section class=\"elementor-section elementor-top-section elementor-element elementor-element-dafcd90 elementor-section-full_width qode_elementor_container_inner elementor-section-height-default elementor-section-height-default parallax_section_no\" data-id=\"dafcd90\" data-element_type=\"section\" data-e-type=\"section\">\n\t\t\t\t\t\t<div class=\"elementor-container elementor-column-gap-no\">\n\t\t\t\t\t<div class=\"elementor-column elementor-col-50 elementor-top-column elementor-element elementor-element-22f3c92\" data-id=\"22f3c92\" data-element_type=\"column\" data-e-type=\"column\">\n\t\t\t<div class=\"elementor-widget-wrap elementor-element-populated\">\n\t\t\t\t\t\t<div class=\"elementor-element elementor-element-c235d14 animated-slow elementor-widget elementor-widget-image\" data-id=\"c235d14\" data-element_type=\"widget\" data-e-type=\"widget\" data-settings=\"{&quot;_animation&quot;:&quot;none&quot;,&quot;_animation_delay&quot;:100}\" data-widget_type=\"image.default\">\n\t\t\t\t<div class=\"elementor-widget-container\">\n\t\t\t\t\t\t\t\t\t\t\t\t\t\t\t<img fetchpriority=\"high\" decoding=\"async\" width=\"1512\" height=\"2016\" src=\"https:\/\/horizonscroises.org\/wp-content\/uploads\/2023\/09\/df6f81bd-5228-4480-b468-eecfefae3818.jpeg\" class=\"attachment-full size-full wp-image-1580\" alt=\"\" srcset=\"https:\/\/horizonscroises.org\/wp-content\/uploads\/2023\/09\/df6f81bd-5228-4480-b468-eecfefae3818.jpeg 1512w, https:\/\/horizonscroises.org\/wp-content\/uploads\/2023\/09\/df6f81bd-5228-4480-b468-eecfefae3818-225x300.jpeg 225w, https:\/\/horizonscroises.org\/wp-content\/uploads\/2023\/09\/df6f81bd-5228-4480-b468-eecfefae3818-768x1024.jpeg 768w, https:\/\/horizonscroises.org\/wp-content\/uploads\/2023\/09\/df6f81bd-5228-4480-b468-eecfefae3818-1152x1536.jpeg 1152w, https:\/\/horizonscroises.org\/wp-content\/uploads\/2023\/09\/df6f81bd-5228-4480-b468-eecfefae3818-600x800.jpeg 600w, https:\/\/horizonscroises.org\/wp-content\/uploads\/2023\/09\/df6f81bd-5228-4480-b468-eecfefae3818-700x933.jpeg 700w\" sizes=\"(max-width: 1512px) 100vw, 1512px\" \/>\t\t\t\t\t\t\t\t\t\t\t\t\t\t\t<\/div>\n\t\t\t\t<\/div>\n\t\t\t\t\t<\/div>\n\t\t<\/div>\n\t\t\t\t<div class=\"elementor-column elementor-col-50 elementor-top-column elementor-element elementor-element-11090fa\" data-id=\"11090fa\" data-element_type=\"column\" data-e-type=\"column\">\n\t\t\t<div class=\"elementor-widget-wrap elementor-element-populated\">\n\t\t\t\t\t\t<div class=\"elementor-element elementor-element-f55a31a elementor-widget elementor-widget-text-editor\" data-id=\"f55a31a\" data-element_type=\"widget\" data-e-type=\"widget\" data-widget_type=\"text-editor.default\">\n\t\t\t\t<div class=\"elementor-widget-container\">\n\t\t\t\t\t\t\t\t\t<h3>Notre promesse avec les Journalistes :<\/h3>\t\t\t\t\t\t\t\t<\/div>\n\t\t\t\t<\/div>\n\t\t\t\t<div class=\"elementor-element elementor-element-9047e5b elementor-widget elementor-widget-text-editor\" data-id=\"9047e5b\" data-element_type=\"widget\" data-e-type=\"widget\" data-widget_type=\"text-editor.default\">\n\t\t\t\t<div class=\"elementor-widget-container\">\n\t\t\t\t\t\t\t\t\t<p><span style=\"font-weight: 400;\">Cr\u00e9er un temps fort intelligent et f\u00e9d\u00e9rateur lors de votre \u00e9v\u00e9nement, en transformant votre th\u00e8me strat\u00e9gique en un vrai faux documentaire d\u2019investigation.<\/span><\/p><p><span style=\"font-weight: 400;\">Gr\u00e2ce \u00e0 une enqu\u00eate th\u00e9\u00e2trale immersive men\u00e9e par trois journalistes plus vrais que nature, votre s\u00e9minaire devient un terrain d\u2019exploration, de recul\u2026 et de r\u00e9v\u00e9lation.<\/span><\/p><p>\u00a0<\/p>\t\t\t\t\t\t\t\t<\/div>\n\t\t\t\t<\/div>\n\t\t\t\t<div class=\"elementor-element elementor-element-557ab2d elementor-widget elementor-widget-text-editor\" data-id=\"557ab2d\" data-element_type=\"widget\" data-e-type=\"widget\" data-widget_type=\"text-editor.default\">\n\t\t\t\t<div class=\"elementor-widget-container\">\n\t\t\t\t\t\t\t\t\t<p><strong>On rit.<\/strong><br \/><strong>On se reconna\u00eet.<\/strong><br \/><strong>On avance.<\/strong><\/p>\t\t\t\t\t\t\t\t<\/div>\n\t\t\t\t<\/div>\n\t\t\t\t<div class=\"elementor-element elementor-element-0ade044 elementor-widget elementor-widget-spacer\" data-id=\"0ade044\" data-element_type=\"widget\" data-e-type=\"widget\" data-widget_type=\"spacer.default\">\n\t\t\t\t<div class=\"elementor-widget-container\">\n\t\t\t\t\t\t\t<div class=\"elementor-spacer\">\n\t\t\t<div class=\"elementor-spacer-inner\"><\/div>\n\t\t<\/div>\n\t\t\t\t\t\t<\/div>\n\t\t\t\t<\/div>\n\t\t\t\t<div class=\"elementor-element elementor-element-403be8c elementor-widget elementor-widget-text-editor\" data-id=\"403be8c\" data-element_type=\"widget\" data-e-type=\"widget\" data-widget_type=\"text-editor.default\">\n\t\t\t\t<div class=\"elementor-widget-container\">\n\t\t\t\t\t\t\t\t\t<h3>D\u00e9clinaisons possibles :<\/h3>\t\t\t\t\t\t\t\t<\/div>\n\t\t\t\t<\/div>\n\t\t\t\t<div class=\"elementor-element elementor-element-c2d198e elementor-widget elementor-widget-spacer\" data-id=\"c2d198e\" data-element_type=\"widget\" data-e-type=\"widget\" data-widget_type=\"spacer.default\">\n\t\t\t\t<div class=\"elementor-widget-container\">\n\t\t\t\t\t\t\t<div class=\"elementor-spacer\">\n\t\t\t<div class=\"elementor-spacer-inner\"><\/div>\n\t\t<\/div>\n\t\t\t\t\t\t<\/div>\n\t\t\t\t<\/div>\n\t\t\t\t<div class=\"elementor-element elementor-element-036ba6b elementor-widget elementor-widget-text-editor\" data-id=\"036ba6b\" data-element_type=\"widget\" data-e-type=\"widget\" data-widget_type=\"text-editor.default\">\n\t\t\t\t<div class=\"elementor-widget-container\">\n\t\t\t\t\t\t\t\t\t<p><b>En entreprise<\/b><\/p><p><span style=\"font-weight: 400;\">\u2714<\/span><span style=\"font-weight: 400;\"> Accueil immersif fa\u00e7on reportage \u201cen direct du terrain\u201d<\/span><span style=\"font-weight: 400;\"><br \/><\/span><span style=\"font-weight: 400;\">\u2714<\/span><span style=\"font-weight: 400;\"> Icebreaker d\u2019investigation<\/span><span style=\"font-weight: 400;\"><br \/><\/span><span style=\"font-weight: 400;\">\u2714<\/span><span style=\"font-weight: 400;\"> Fil rouge tout au long de la journ\u00e9e<\/span><span style=\"font-weight: 400;\"><br \/><\/span><span style=\"font-weight: 400;\">\u2714<\/span><span style=\"font-weight: 400;\"> Captation d\u2019interviews dans les coulisses<\/span><span style=\"font-weight: 400;\"><br \/><\/span><span style=\"font-weight: 400;\">\u2714<\/span><span style=\"font-weight: 400;\"> Restitution finale sous forme de grand reportage<\/span><\/p>\t\t\t\t\t\t\t\t<\/div>\n\t\t\t\t<\/div>\n\t\t\t\t<div class=\"elementor-element elementor-element-090cb54 elementor-widget elementor-widget-spacer\" data-id=\"090cb54\" data-element_type=\"widget\" data-e-type=\"widget\" data-widget_type=\"spacer.default\">\n\t\t\t\t<div class=\"elementor-widget-container\">\n\t\t\t\t\t\t\t<div class=\"elementor-spacer\">\n\t\t\t<div class=\"elementor-spacer-inner\"><\/div>\n\t\t<\/div>\n\t\t\t\t\t\t<\/div>\n\t\t\t\t<\/div>\n\t\t\t\t<div class=\"elementor-element elementor-element-ad06b79 elementor-widget elementor-widget-text-editor\" data-id=\"ad06b79\" data-element_type=\"widget\" data-e-type=\"widget\" data-widget_type=\"text-editor.default\">\n\t\t\t\t<div class=\"elementor-widget-container\">\n\t\t\t\t\t\t\t\t\t<p><b>\u00a0Animation \/ d\u00e9ambulation<\/b><\/p><p><span style=\"font-weight: 400;\">\u2714<\/span><span style=\"font-weight: 400;\"> Journalistes infiltr\u00e9s dans vos espaces<\/span><span style=\"font-weight: 400;\"><br \/><\/span><span style=\"font-weight: 400;\">\u2714<\/span><span style=\"font-weight: 400;\"> Micro-trottoirs spontan\u00e9s<\/span><span style=\"font-weight: 400;\"><br \/><\/span><span style=\"font-weight: 400;\">\u2714<\/span><span style=\"font-weight: 400;\"> Chroniques \u00e9clairs<\/span><span style=\"font-weight: 400;\"><br \/><\/span><span style=\"font-weight: 400;\">\u2714<\/span><span style=\"font-weight: 400;\"> Interventions impromptues<\/span><\/p>\t\t\t\t\t\t\t\t<\/div>\n\t\t\t\t<\/div>\n\t\t\t\t<div class=\"elementor-element elementor-element-4076010 elementor-widget elementor-widget-spacer\" data-id=\"4076010\" data-element_type=\"widget\" data-e-type=\"widget\" data-widget_type=\"spacer.default\">\n\t\t\t\t<div class=\"elementor-widget-container\">\n\t\t\t\t\t\t\t<div class=\"elementor-spacer\">\n\t\t\t<div class=\"elementor-spacer-inner\"><\/div>\n\t\t<\/div>\n\t\t\t\t\t\t<\/div>\n\t\t\t\t<\/div>\n\t\t\t\t<div class=\"elementor-element elementor-element-05140d9 elementor-widget elementor-widget-text-editor\" data-id=\"05140d9\" data-element_type=\"widget\" data-e-type=\"widget\" data-widget_type=\"text-editor.default\">\n\t\t\t\t<div class=\"elementor-widget-container\">\n\t\t\t\t\t\t\t\t\t<p><span style=\"font-weight: 400;\">Chaque format est calibr\u00e9 selon votre culture, votre niveau d\u2019audace et vos objectifs.<\/span><\/p>\t\t\t\t\t\t\t\t<\/div>\n\t\t\t\t<\/div>\n\t\t\t\t\t<\/div>\n\t\t<\/div>\n\t\t\t\t\t<\/div>\n\t\t<\/section>\n\t\t\t\t<section class=\"elementor-section elementor-top-section elementor-element elementor-element-4c3c92a elementor-section-full_width elementor-section-height-default elementor-section-height-default parallax_section_no qode_elementor_container_no\" data-id=\"4c3c92a\" data-element_type=\"section\" data-e-type=\"section\">\n\t\t\t\t\t\t<div class=\"elementor-container elementor-column-gap-default\">\n\t\t\t\t\t<div class=\"elementor-column elementor-col-33 elementor-top-column elementor-element elementor-element-6b65d4e\" data-id=\"6b65d4e\" data-element_type=\"column\" data-e-type=\"column\">\n\t\t\t<div class=\"elementor-widget-wrap elementor-element-populated\">\n\t\t\t\t\t\t<div class=\"elementor-element elementor-element-391ec63 elementor-widget elementor-widget-text-editor\" data-id=\"391ec63\" data-element_type=\"widget\" data-e-type=\"widget\" data-widget_type=\"text-editor.default\">\n\t\t\t\t<div class=\"elementor-widget-container\">\n\t\t\t\t\t\t\t\t\t<h3>Proposition artistique :\u00a0<\/h3>\t\t\t\t\t\t\t\t<\/div>\n\t\t\t\t<\/div>\n\t\t\t\t<div class=\"elementor-element elementor-element-10639ab elementor-widget elementor-widget-text-editor\" data-id=\"10639ab\" data-element_type=\"widget\" data-e-type=\"widget\" data-widget_type=\"text-editor.default\">\n\t\t\t\t<div class=\"elementor-widget-container\">\n\t\t\t\t\t\t\t\t\t<p data-start=\"70\" data-end=\"189\"><strong data-start=\"70\" data-end=\"90\">Les Journalistes<\/strong> est un vrai-faux documentaire d\u2019investigation immersif, cr\u00e9\u00e9 \u00e0 partir du th\u00e8me de votre \u00e9v\u00e9nement.<\/p><p><span style=\"letter-spacing: normal;\"><span style=\"font-size: 18px;\">\u00a0<\/span><\/span><\/p>\t\t\t\t\t\t\t\t<\/div>\n\t\t\t\t<\/div>\n\t\t\t\t<div class=\"elementor-element elementor-element-f107e52 elementor-widget elementor-widget-text-editor\" data-id=\"f107e52\" data-element_type=\"widget\" data-e-type=\"widget\" data-widget_type=\"text-editor.default\">\n\t\t\t\t<div class=\"elementor-widget-container\">\n\t\t\t\t\t\t\t\t\t<p data-start=\"191\" data-end=\"559\">Trois journalistes d\u00e9barquent pour mener l\u2019enqu\u00eate :<br data-start=\"243\" data-end=\"246\" \/><strong>Jean-Clark<\/strong>, reporter rigoureux convaincu qu\u2019une grande v\u00e9rit\u00e9 se cache derri\u00e8re chaque sujet ;<br data-start=\"340\" data-end=\"343\" \/><strong>Jean Am\u00e9d\u00e9<\/strong>, analyste inspir\u00e9 qui transforme chaque t\u00e9moignage en th\u00e9orie sociologique ;<br data-start=\"430\" data-end=\"433\" \/>et <strong>Jean-Phil<\/strong>, technicien enthousiaste\u2026 souvent maladroit, mais capable de poser la question la plus simple \u2014 et la plus juste.<\/p><p data-start=\"561\" data-end=\"743\">\u00a0<\/p>\t\t\t\t\t\t\t\t<\/div>\n\t\t\t\t<\/div>\n\t\t\t\t<div class=\"elementor-element elementor-element-b2b0bb8 elementor-widget elementor-widget-text-editor\" data-id=\"b2b0bb8\" data-element_type=\"widget\" data-e-type=\"widget\" data-widget_type=\"text-editor.default\">\n\t\t\t\t<div class=\"elementor-widget-container\">\n\t\t\t\t\t\t\t\t\t<p>Entre interviews, observations et impr\u00e9vus savoureux, les com\u00e9diens improvisent \u00e0 partir des dynamiques du groupe et font surgir un regard dr\u00f4le et bienveillant sur le sujet du jour.<\/p>\t\t\t\t\t\t\t\t<\/div>\n\t\t\t\t<\/div>\n\t\t\t\t<div class=\"elementor-element elementor-element-f1b8fd6 elementor-widget elementor-widget-text-editor\" data-id=\"f1b8fd6\" data-element_type=\"widget\" data-e-type=\"widget\" data-widget_type=\"text-editor.default\">\n\t\t\t\t<div class=\"elementor-widget-container\">\n\t\t\t\t\t\t\t\t\t<p data-start=\"561\" data-end=\"743\">\u00a0<\/p><p data-start=\"745\" data-end=\"900\" data-is-last-node=\"\" data-is-only-node=\"\">Un faux documentaire participatif qui \u00e9claire les enjeux, r\u00e9v\u00e8le les contradictions et transforme les messages cl\u00e9s\u2026 en exp\u00e9rience collective m\u00e9morable.<\/p><p>\u00a0<\/p>\t\t\t\t\t\t\t\t<\/div>\n\t\t\t\t<\/div>\n\t\t\t\t\t<\/div>\n\t\t<\/div>\n\t\t\t\t<div class=\"elementor-column elementor-col-66 elementor-top-column elementor-element elementor-element-2e70007\" data-id=\"2e70007\" data-element_type=\"column\" data-e-type=\"column\">\n\t\t\t<div class=\"elementor-widget-wrap elementor-element-populated\">\n\t\t\t\t\t\t<div class=\"elementor-element elementor-element-5394a2a elementor-widget elementor-widget-video\" data-id=\"5394a2a\" data-element_type=\"widget\" data-e-type=\"widget\" data-settings=\"{&quot;youtube_url&quot;:&quot;https:\\\/\\\/www.youtube.com\\\/watch?v=1TKaOgWZaHE&quot;,&quot;video_type&quot;:&quot;youtube&quot;,&quot;controls&quot;:&quot;yes&quot;}\" data-widget_type=\"video.default\">\n\t\t\t\t<div class=\"elementor-widget-container\">\n\t\t\t\t\t\t\t<div class=\"elementor-wrapper elementor-open-inline\">\n\t\t\t<div class=\"elementor-video\"><\/div>\t\t<\/div>\n\t\t\t\t\t\t<\/div>\n\t\t\t\t<\/div>\n\t\t\t\t\t<\/div>\n\t\t<\/div>\n\t\t\t\t\t<\/div>\n\t\t<\/section>\n\t\t\t\t<section class=\"elementor-section elementor-top-section elementor-element elementor-element-21ffd05 elementor-section-boxed elementor-section-height-default elementor-section-height-default parallax_section_no qode_elementor_container_no\" data-id=\"21ffd05\" data-element_type=\"section\" data-e-type=\"section\">\n\t\t\t\t\t\t<div class=\"elementor-container elementor-column-gap-default\">\n\t\t\t\t\t<div class=\"elementor-column elementor-col-100 elementor-top-column elementor-element elementor-element-b92de5c\" data-id=\"b92de5c\" data-element_type=\"column\" data-e-type=\"column\">\n\t\t\t<div class=\"elementor-widget-wrap\">\n\t\t\t\t\t\t\t<\/div>\n\t\t<\/div>\n\t\t\t\t\t<\/div>\n\t\t<\/section>\n\t\t\t\t<\/div>\n\t\t","protected":false},"excerpt":{"rendered":"<p>Les Journalistes Notre promesse avec les Journalistes : Cr\u00e9er un temps fort intelligent et f\u00e9d\u00e9rateur lors de votre \u00e9v\u00e9nement, en transformant votre th\u00e8me strat\u00e9gique en un vrai faux documentaire d\u2019investigation. Gr\u00e2ce \u00e0 une enqu\u00eate th\u00e9\u00e2trale immersive men\u00e9e par trois journalistes plus vrais que nature, votre&#8230;<\/p>\n","protected":false},"author":2,"featured_media":0,"parent":0,"menu_order":0,"comment_status":"closed","ping_status":"closed","template":"full_width.php","meta":{"footnotes":""},"class_list":["post-1574","page","type-page","status-publish","hentry"],"_links":{"self":[{"href":"https:\/\/horizonscroises.org\/index.php\/wp-json\/wp\/v2\/pages\/1574","targetHints":{"allow":["GET"]}}],"collection":[{"href":"https:\/\/horizonscroises.org\/index.php\/wp-json\/wp\/v2\/pages"}],"about":[{"href":"https:\/\/horizonscroises.org\/index.php\/wp-json\/wp\/v2\/types\/page"}],"author":[{"embeddable":true,"href":"https:\/\/horizonscroises.org\/index.php\/wp-json\/wp\/v2\/users\/2"}],"replies":[{"embeddable":true,"href":"https:\/\/horizonscroises.org\/index.php\/wp-json\/wp\/v2\/comments?post=1574"}],"version-history":[{"count":15,"href":"https:\/\/horizonscroises.org\/index.php\/wp-json\/wp\/v2\/pages\/1574\/revisions"}],"predecessor-version":[{"id":2240,"href":"https:\/\/horizonscroises.org\/index.php\/wp-json\/wp\/v2\/pages\/1574\/revisions\/2240"}],"wp:attachment":[{"href":"https:\/\/horizonscroises.org\/index.php\/wp-json\/wp\/v2\/media?parent=1574"}],"curies":[{"name":"wp","href":"https:\/\/api.w.org\/{rel}","templated":true}]}}