{"id":1075,"date":"2022-10-31T14:12:05","date_gmt":"2022-10-31T14:12:05","guid":{"rendered":"https:\/\/hx.900k.fr\/?page_id=1075"},"modified":"2023-01-31T17:14:01","modified_gmt":"2023-01-31T17:14:01","slug":"un-petit-air-de-cabaret","status":"publish","type":"page","link":"https:\/\/horizonscroises.org\/index.php\/un-petit-air-de-cabaret\/","title":{"rendered":"Un Petit Air De Cabaret"},"content":{"rendered":"\t\t<div data-elementor-type=\"wp-page\" data-elementor-id=\"1075\" class=\"elementor elementor-1075\">\n\t\t\t\t\t\t<section class=\"elementor-section elementor-top-section elementor-element elementor-element-73bc3e4a elementor-section-full_width qode_elementor_container_inner elementor-section-height-default elementor-section-height-default parallax_section_no\" data-id=\"73bc3e4a\" data-element_type=\"section\" data-e-type=\"section\">\n\t\t\t\t\t\t<div class=\"elementor-container elementor-column-gap-no\">\n\t\t\t\t\t<div class=\"elementor-column elementor-col-100 elementor-top-column elementor-element elementor-element-145201d8\" data-id=\"145201d8\" data-element_type=\"column\" data-e-type=\"column\">\n\t\t\t<div class=\"elementor-widget-wrap elementor-element-populated\">\n\t\t\t\t\t\t<div class=\"elementor-element elementor-element-16b5bc14 elementor-widget elementor-widget-text-editor\" data-id=\"16b5bc14\" data-element_type=\"widget\" data-e-type=\"widget\" data-widget_type=\"text-editor.default\">\n\t\t\t\t<div class=\"elementor-widget-container\">\n\t\t\t\t\t\t\t\t\t<h1>Un Petit Air de Cabaret<\/h1>\t\t\t\t\t\t\t\t<\/div>\n\t\t\t\t<\/div>\n\t\t\t\t<div class=\"elementor-element elementor-element-1620272 elementor-widget elementor-widget-text-editor\" data-id=\"1620272\" data-element_type=\"widget\" data-e-type=\"widget\" data-widget_type=\"text-editor.default\">\n\t\t\t\t<div class=\"elementor-widget-container\">\n\t\t\t\t\t\t\t\t\t<p class=\"font_8\"><strong>Avec<\/strong> Guillaume Buffard &#8211; Jonathan Sansoz &#8211; S\u00e9bastien Gras &#8211; J\u00e9r\u00f4me Le Berre<\/p><p class=\"font_8\"><strong>Mise en sc\u00e8ne<\/strong> Guillaume Buffard<\/p>\t\t\t\t\t\t\t\t<\/div>\n\t\t\t\t<\/div>\n\t\t\t\t\t<\/div>\n\t\t<\/div>\n\t\t\t\t\t<\/div>\n\t\t<\/section>\n\t\t\t\t<section class=\"elementor-section elementor-top-section elementor-element elementor-element-dafcd90 elementor-section-full_width qode_elementor_container_inner elementor-section-height-default elementor-section-height-default parallax_section_no\" data-id=\"dafcd90\" data-element_type=\"section\" data-e-type=\"section\">\n\t\t\t\t\t\t<div class=\"elementor-container elementor-column-gap-no\">\n\t\t\t\t\t<div class=\"elementor-column elementor-col-50 elementor-top-column elementor-element elementor-element-22f3c92\" data-id=\"22f3c92\" data-element_type=\"column\" data-e-type=\"column\">\n\t\t\t<div class=\"elementor-widget-wrap elementor-element-populated\">\n\t\t\t\t\t\t<div class=\"elementor-element elementor-element-c235d14 animated-slow elementor-widget elementor-widget-image\" data-id=\"c235d14\" data-element_type=\"widget\" data-e-type=\"widget\" data-settings=\"{&quot;_animation&quot;:&quot;none&quot;,&quot;_animation_delay&quot;:100}\" data-widget_type=\"image.default\">\n\t\t\t\t<div class=\"elementor-widget-container\">\n\t\t\t\t\t\t\t\t\t\t\t\t\t\t\t<img fetchpriority=\"high\" decoding=\"async\" width=\"1709\" height=\"2560\" src=\"https:\/\/horizonscroises.org\/wp-content\/uploads\/2022\/11\/PH_6079-scaled.jpg\" class=\"attachment-full size-full wp-image-1186\" alt=\"\" srcset=\"https:\/\/horizonscroises.org\/wp-content\/uploads\/2022\/11\/PH_6079-scaled.jpg 1709w, https:\/\/horizonscroises.org\/wp-content\/uploads\/2022\/11\/PH_6079-200x300.jpg 200w, https:\/\/horizonscroises.org\/wp-content\/uploads\/2022\/11\/PH_6079-683x1024.jpg 683w, https:\/\/horizonscroises.org\/wp-content\/uploads\/2022\/11\/PH_6079-768x1151.jpg 768w, https:\/\/horizonscroises.org\/wp-content\/uploads\/2022\/11\/PH_6079-1025x1536.jpg 1025w, https:\/\/horizonscroises.org\/wp-content\/uploads\/2022\/11\/PH_6079-1367x2048.jpg 1367w, https:\/\/horizonscroises.org\/wp-content\/uploads\/2022\/11\/PH_6079-700x1049.jpg 700w\" sizes=\"(max-width: 1709px) 100vw, 1709px\" \/>\t\t\t\t\t\t\t\t\t\t\t\t\t\t\t<\/div>\n\t\t\t\t<\/div>\n\t\t\t\t\t<\/div>\n\t\t<\/div>\n\t\t\t\t<div class=\"elementor-column elementor-col-50 elementor-top-column elementor-element elementor-element-11090fa\" data-id=\"11090fa\" data-element_type=\"column\" data-e-type=\"column\">\n\t\t\t<div class=\"elementor-widget-wrap elementor-element-populated\">\n\t\t\t\t\t\t<div class=\"elementor-element elementor-element-10639ab elementor-widget elementor-widget-text-editor\" data-id=\"10639ab\" data-element_type=\"widget\" data-e-type=\"widget\" data-widget_type=\"text-editor.default\">\n\t\t\t\t<div class=\"elementor-widget-container\">\n\t\t\t\t\t\t\t\t\t<p><span style=\"letter-spacing: normal;\"><span style=\"font-size: 18px;\">\u00ab\u00a0<span style=\"font-weight: bold;\">Le Petit Air de Cabaret<\/span>\u00a0\u00bb est un spectacle familial de 50 minutes que nous pr\u00e9sentons en Salle, en Rue et sous Chapiteau. Nous l&rsquo;avons imagin\u00e9 et cr\u00e9\u00e9 en y mettant notre humour, nos envies, nos techniques de cirque, nos interrogations et nos joies. Apr\u00e8s un an et demi d&rsquo;\u00e9criture, de r\u00e9sidence et de fous rire, nous en sommes arriv\u00e9s \u00e0 un spectacle tout public qui vient de NOUS. Ce \u00ab\u00a0Nous\u00a0\u00bb est unique et singulier car il nous ressemble. Il nous fait rire autant qu&rsquo;il nous surprend et c&rsquo;est avec malice que nous faisons le choix de ne pas le figer, de ne pas l&rsquo;enfermer.<\/span><\/span><\/p>\t\t\t\t\t\t\t\t<\/div>\n\t\t\t\t<\/div>\n\t\t\t\t<div class=\"elementor-element elementor-element-f107e52 elementor-widget elementor-widget-text-editor\" data-id=\"f107e52\" data-element_type=\"widget\" data-e-type=\"widget\" data-widget_type=\"text-editor.default\">\n\t\t\t\t<div class=\"elementor-widget-container\">\n\t\t\t\t\t\t\t\t\t<p><span style=\"letter-spacing: normal;\"><span style=\"font-size: 18px;\">Ce spectacle vit et respire au fil des mois, au fil des tourn\u00e9es. Il est une somme, une convergence. Il nous permet d&rsquo;\u00e9changer, de communiquer, de faire vibrer. Nous y partageons notre cirque pour le rendre intense et p\u00e9tillant. Nous le parons de mots, d&rsquo;humain, de r\u00e9volte, de po\u00e9sie et de rock.<\/span><\/span><\/p>\t\t\t\t\t\t\t\t<\/div>\n\t\t\t\t<\/div>\n\t\t\t\t<div class=\"elementor-element elementor-element-f1b8fd6 elementor-widget elementor-widget-text-editor\" data-id=\"f1b8fd6\" data-element_type=\"widget\" data-e-type=\"widget\" data-widget_type=\"text-editor.default\">\n\t\t\t\t<div class=\"elementor-widget-container\">\n\t\t\t\t\t\t\t\t\t<p class=\"font_8\" style=\"font-size: 18px; line-height: 1.6em;\"><span style=\"letter-spacing: normal;\"><span style=\"font-size: 18px;\">Certains nous croient doux dingues. Sans doute.<\/span><\/span><\/p><p class=\"font_8\" style=\"font-size: 18px; line-height: 1.6em;\"><span style=\"letter-spacing: normal;\"><span style=\"font-size: 18px;\">Et se finalement c&rsquo;\u00e9tait \u00e7a notre but ; <span style=\"font-weight: bold;\">rendre la passion contagieuse<\/span>.<\/span><\/span><\/p>\t\t\t\t\t\t\t\t<\/div>\n\t\t\t\t<\/div>\n\t\t\t\t<div class=\"elementor-element elementor-element-494392c elementor-shape-rounded elementor-grid-0 e-grid-align-center elementor-widget elementor-widget-social-icons\" data-id=\"494392c\" data-element_type=\"widget\" data-e-type=\"widget\" data-widget_type=\"social-icons.default\">\n\t\t\t\t<div class=\"elementor-widget-container\">\n\t\t\t\t\t\t\t<div class=\"elementor-social-icons-wrapper elementor-grid\">\n\t\t\t\t\t\t\t<span class=\"elementor-grid-item\">\n\t\t\t\t\t<a class=\"elementor-icon elementor-social-icon elementor-social-icon-facebook elementor-repeater-item-5d28605\" href=\"https:\/\/www.facebook.com\/people\/Un-Petit-Air-de-Cabaret\/100054464499594\/\" target=\"_blank\">\n\t\t\t\t\t\t<span class=\"elementor-screen-only\">Facebook<\/span>\n\t\t\t\t\t\t<i aria-hidden=\"true\" class=\"fab fa-facebook\"><\/i>\t\t\t\t\t<\/a>\n\t\t\t\t<\/span>\n\t\t\t\t\t<\/div>\n\t\t\t\t\t\t<\/div>\n\t\t\t\t<\/div>\n\t\t\t\t\t<\/div>\n\t\t<\/div>\n\t\t\t\t\t<\/div>\n\t\t<\/section>\n\t\t\t\t<section class=\"elementor-section elementor-top-section elementor-element elementor-element-416ef7d elementor-section-full_width qode_elementor_container_inner elementor-section-height-default elementor-section-height-default parallax_section_no\" data-id=\"416ef7d\" data-element_type=\"section\" data-e-type=\"section\">\n\t\t\t\t\t\t<div class=\"elementor-container elementor-column-gap-no\">\n\t\t\t\t\t<div class=\"elementor-column elementor-col-100 elementor-top-column elementor-element elementor-element-8e5d78e\" data-id=\"8e5d78e\" data-element_type=\"column\" data-e-type=\"column\">\n\t\t\t<div class=\"elementor-widget-wrap elementor-element-populated\">\n\t\t\t\t\t\t<div class=\"elementor-element elementor-element-24fc1ef elementor-widget elementor-widget-bridge_image_slider_no_space\" data-id=\"24fc1ef\" data-element_type=\"widget\" data-e-type=\"widget\" data-widget_type=\"bridge_image_slider_no_space.default\">\n\t\t\t\t<div class=\"elementor-widget-container\">\n\t\t\t\t\t<div class='qode_image_gallery_no_space dark highlight_active'><div class='qode_image_gallery_holder' style='height: 650px;'><ul style = \"background-color: #000000\" ><li  ><div style=\"height: 650px; width:974px;\"><a itemprop=\"image\" class=\"prettyphoto\" data-rel=\"prettyPhoto[rel-1431558208]\" href=\"https:\/\/horizonscroises.org\/wp-content\/uploads\/2022\/11\/PH_5992-scaled.jpg\"><img decoding=\"async\" itemprop=\"image\" src=\"https:\/\/horizonscroises.org\/wp-content\/uploads\/2022\/11\/PH_5992-scaled.jpg\" alt=\"\" \/><\/a><\/div><\/li><li  ><div style=\"height: 650px; width:1034px;\"><a itemprop=\"image\" class=\"prettyphoto\" data-rel=\"prettyPhoto[rel-1431558208]\" href=\"https:\/\/horizonscroises.org\/wp-content\/uploads\/2022\/11\/2017.07.09-PAC-@Valbonne-PPavaldech-99-scaled.jpg\"><img decoding=\"async\" itemprop=\"image\" src=\"https:\/\/horizonscroises.org\/wp-content\/uploads\/2022\/11\/2017.07.09-PAC-@Valbonne-PPavaldech-99-scaled.jpg\" alt=\"\" \/><\/a><\/div><\/li><li  ><div style=\"height: 650px; width:978px;\"><a itemprop=\"image\" class=\"prettyphoto\" data-rel=\"prettyPhoto[rel-1431558208]\" href=\"https:\/\/horizonscroises.org\/wp-content\/uploads\/2022\/11\/NATH8615-scaled.jpg\"><img decoding=\"async\" itemprop=\"image\" src=\"https:\/\/horizonscroises.org\/wp-content\/uploads\/2022\/11\/NATH8615-scaled.jpg\" alt=\"\" \/><\/a><\/div><\/li><li  ><div style=\"height: 650px; width:488px;\"><a itemprop=\"image\" class=\"prettyphoto\" data-rel=\"prettyPhoto[rel-1431558208]\" href=\"https:\/\/horizonscroises.org\/wp-content\/uploads\/2022\/11\/bf05ab0a-fd42-487d-919d-8ff1d60e6fc3.jpeg\"><img decoding=\"async\" itemprop=\"image\" src=\"https:\/\/horizonscroises.org\/wp-content\/uploads\/2022\/11\/bf05ab0a-fd42-487d-919d-8ff1d60e6fc3.jpeg\" alt=\"\" \/><\/a><\/div><\/li><li  ><div style=\"height: 650px; width:974px;\"><a itemprop=\"image\" class=\"prettyphoto\" data-rel=\"prettyPhoto[rel-1431558208]\" href=\"https:\/\/horizonscroises.org\/wp-content\/uploads\/2022\/11\/03.jpg\"><img decoding=\"async\" itemprop=\"image\" src=\"https:\/\/horizonscroises.org\/wp-content\/uploads\/2022\/11\/03.jpg\" alt=\"\" \/><\/a><\/div><\/li><li  ><div style=\"height: 650px; width:975px;\"><a itemprop=\"image\" class=\"prettyphoto\" data-rel=\"prettyPhoto[rel-1431558208]\" href=\"https:\/\/horizonscroises.org\/wp-content\/uploads\/2022\/11\/PH_5988-scaled.jpg\"><img decoding=\"async\" itemprop=\"image\" src=\"https:\/\/horizonscroises.org\/wp-content\/uploads\/2022\/11\/PH_5988-scaled.jpg\" alt=\"\" \/><\/a><\/div><\/li><li  ><div style=\"height: 650px; width:488px;\"><a itemprop=\"image\" class=\"prettyphoto\" data-rel=\"prettyPhoto[rel-1431558208]\" href=\"https:\/\/horizonscroises.org\/wp-content\/uploads\/2022\/11\/bc99d4c6-a6ed-4bf1-a8fd-0c4741d4f859.jpeg\"><img decoding=\"async\" itemprop=\"image\" src=\"https:\/\/horizonscroises.org\/wp-content\/uploads\/2022\/11\/bc99d4c6-a6ed-4bf1-a8fd-0c4741d4f859.jpeg\" alt=\"\" \/><\/a><\/div><\/li><li  ><div style=\"height: 650px; width:974px;\"><a itemprop=\"image\" class=\"prettyphoto\" data-rel=\"prettyPhoto[rel-1431558208]\" href=\"https:\/\/horizonscroises.org\/wp-content\/uploads\/2022\/11\/PH_6013-scaled.jpg\"><img decoding=\"async\" itemprop=\"image\" src=\"https:\/\/horizonscroises.org\/wp-content\/uploads\/2022\/11\/PH_6013-scaled.jpg\" alt=\"\" \/><\/a><\/div><\/li><li  ><div style=\"height: 650px; width:366px;\"><a itemprop=\"image\" class=\"prettyphoto\" data-rel=\"prettyPhoto[rel-1431558208]\" href=\"https:\/\/horizonscroises.org\/wp-content\/uploads\/2022\/11\/14.jpg\"><img decoding=\"async\" itemprop=\"image\" src=\"https:\/\/horizonscroises.org\/wp-content\/uploads\/2022\/11\/14.jpg\" alt=\"\" \/><\/a><\/div><\/li><li  ><div style=\"height: 650px; width:433px;\"><a itemprop=\"image\" class=\"prettyphoto\" data-rel=\"prettyPhoto[rel-1431558208]\" href=\"https:\/\/horizonscroises.org\/wp-content\/uploads\/2022\/11\/NATH8598-scaled.jpg\"><img decoding=\"async\" itemprop=\"image\" src=\"https:\/\/horizonscroises.org\/wp-content\/uploads\/2022\/11\/NATH8598-scaled.jpg\" alt=\"\" \/><\/a><\/div><\/li><li  ><div style=\"height: 650px; width:434px;\"><a itemprop=\"image\" class=\"prettyphoto\" data-rel=\"prettyPhoto[rel-1431558208]\" href=\"https:\/\/horizonscroises.org\/wp-content\/uploads\/2022\/11\/PH_5964-1-scaled.jpg\"><img decoding=\"async\" itemprop=\"image\" src=\"https:\/\/horizonscroises.org\/wp-content\/uploads\/2022\/11\/PH_5964-1-scaled.jpg\" alt=\"\" \/><\/a><\/div><\/li><li  ><div style=\"height: 650px; width:978px;\"><a itemprop=\"image\" class=\"prettyphoto\" data-rel=\"prettyPhoto[rel-1431558208]\" href=\"https:\/\/horizonscroises.org\/wp-content\/uploads\/2022\/11\/NATH8674-scaled.jpg\"><img decoding=\"async\" itemprop=\"image\" src=\"https:\/\/horizonscroises.org\/wp-content\/uploads\/2022\/11\/NATH8674-scaled.jpg\" alt=\"\" \/><\/a><\/div><\/li><li  ><div style=\"height: 650px; width:434px;\"><a itemprop=\"image\" class=\"prettyphoto\" data-rel=\"prettyPhoto[rel-1431558208]\" href=\"https:\/\/horizonscroises.org\/wp-content\/uploads\/2022\/11\/PH_5972-scaled.jpg\"><img decoding=\"async\" itemprop=\"image\" src=\"https:\/\/horizonscroises.org\/wp-content\/uploads\/2022\/11\/PH_5972-scaled.jpg\" alt=\"\" \/><\/a><\/div><\/li><li  ><div style=\"height: 650px; width:867px;\"><a itemprop=\"image\" class=\"prettyphoto\" data-rel=\"prettyPhoto[rel-1431558208]\" href=\"https:\/\/horizonscroises.org\/wp-content\/uploads\/2022\/11\/4887ad79-a8ea-46c7-8537-817c00a9167c.jpeg\"><img decoding=\"async\" itemprop=\"image\" src=\"https:\/\/horizonscroises.org\/wp-content\/uploads\/2022\/11\/4887ad79-a8ea-46c7-8537-817c00a9167c.jpeg\" alt=\"\" \/><\/a><\/div><\/li><li  ><div style=\"height: 650px; width:936px;\"><a itemprop=\"image\" class=\"prettyphoto\" data-rel=\"prettyPhoto[rel-1431558208]\" href=\"https:\/\/horizonscroises.org\/wp-content\/uploads\/2022\/11\/2017.07.09-PAC-@Valbonne-PPavaldech-89-scaled.jpg\"><img decoding=\"async\" itemprop=\"image\" src=\"https:\/\/horizonscroises.org\/wp-content\/uploads\/2022\/11\/2017.07.09-PAC-@Valbonne-PPavaldech-89-scaled.jpg\" alt=\"\" \/><\/a><\/div><\/li><\/ul><\/div><div class=\"controls\"><a class=\"prev-slide\" href=\"#\"><span><i class=\"fa fa-angle-left\"><\/i><\/span><\/a><a class=\"next-slide\" href=\"#\"><span><i class=\"fa fa-angle-right\"><\/i><\/span><\/a><\/div><\/div>\t\t\t\t<\/div>\n\t\t\t\t<\/div>\n\t\t\t\t<div class=\"elementor-element elementor-element-cb156b0 elementor-widget elementor-widget-text-editor\" data-id=\"cb156b0\" data-element_type=\"widget\" data-e-type=\"widget\" data-widget_type=\"text-editor.default\">\n\t\t\t\t<div class=\"elementor-widget-container\">\n\t\t\t\t\t\t\t\t\t<h4 class=\"font_2\">Soutien \u00e0 la cr\u00e9ation et r\u00e9sidences<\/h4><p class=\"font_8\"><strong>La Grainerie<\/strong>, Fabrique des Arts du cirque (31), <strong>Th\u00e9\u00e2tre des Mazades <\/strong>(31), <strong>Th\u00e9\u00e2tre Musical de Pibrac<\/strong> (31), <strong>Th\u00e9\u00e2tre Le Colombier (<\/strong>81), <strong>Service Culturel de Castanet Tolosan<\/strong> (31), <strong>Association Les Amis des Arts<\/strong> (31), <strong>Mix&rsquo;art Myrys<\/strong>\u00a0 (31), <strong>Service Culturel des Angles<\/strong> (66).<\/p><p class=\"font_8\" style=\"font-size: 18px; line-height: 1.6em;\"><span style=\"letter-spacing: normal;\"><span style=\"font-size: 18px;\">\u00a0<\/span><\/span><\/p>\t\t\t\t\t\t\t\t<\/div>\n\t\t\t\t<\/div>\n\t\t\t\t\t<\/div>\n\t\t<\/div>\n\t\t\t\t\t<\/div>\n\t\t<\/section>\n\t\t\t\t<\/div>\n\t\t","protected":false},"excerpt":{"rendered":"<p>Un Petit Air de Cabaret Avec Guillaume Buffard &#8211; Jonathan Sansoz &#8211; S\u00e9bastien Gras &#8211; J\u00e9r\u00f4me Le Berre Mise en sc\u00e8ne Guillaume Buffard \u00ab\u00a0Le Petit Air de Cabaret\u00a0\u00bb est un spectacle familial de 50 minutes que nous pr\u00e9sentons en Salle, en Rue et sous Chapiteau&#8230;.<\/p>\n","protected":false},"author":2,"featured_media":0,"parent":0,"menu_order":0,"comment_status":"closed","ping_status":"closed","template":"full_width.php","meta":{"footnotes":""},"class_list":["post-1075","page","type-page","status-publish","hentry"],"_links":{"self":[{"href":"https:\/\/horizonscroises.org\/index.php\/wp-json\/wp\/v2\/pages\/1075","targetHints":{"allow":["GET"]}}],"collection":[{"href":"https:\/\/horizonscroises.org\/index.php\/wp-json\/wp\/v2\/pages"}],"about":[{"href":"https:\/\/horizonscroises.org\/index.php\/wp-json\/wp\/v2\/types\/page"}],"author":[{"embeddable":true,"href":"https:\/\/horizonscroises.org\/index.php\/wp-json\/wp\/v2\/users\/2"}],"replies":[{"embeddable":true,"href":"https:\/\/horizonscroises.org\/index.php\/wp-json\/wp\/v2\/comments?post=1075"}],"version-history":[{"count":99,"href":"https:\/\/horizonscroises.org\/index.php\/wp-json\/wp\/v2\/pages\/1075\/revisions"}],"predecessor-version":[{"id":1522,"href":"https:\/\/horizonscroises.org\/index.php\/wp-json\/wp\/v2\/pages\/1075\/revisions\/1522"}],"wp:attachment":[{"href":"https:\/\/horizonscroises.org\/index.php\/wp-json\/wp\/v2\/media?parent=1075"}],"curies":[{"name":"wp","href":"https:\/\/api.w.org\/{rel}","templated":true}]}}